1102513464?
1
What is the ten thousands digit of 45397436?
9
What is the tens digit of 1099733713?
1
What is the thousands digit of 45785315?
5
What is the hundreds digit of 72708680?
6
What is the hundred millions digit of 114766936?
1
What is the units digit of 58484807?
7
What is the hundreds digit of 2457493366?
3
What is the hundred millions digit of 2009854473?
0
What is the millions digit of 1288012946?
8
What is the millions digit of 943566890?
3
What is the ten thousands digit of 581044377?
4
What is the tens digit of 3412542389?
8
What is the ten thousands digit of 874432748?
3
What is the hundreds digit of 165234470?
4
What is the thousands digit of 711812434?
2
What is the thousands digit of 91229534?
9
What is the ten thousands digit of 14830205?
3
What is the units digit of 20210483?
3
What is the ten thousands digit of 40737655?
3
What is the hundreds digit of 3710209?
2
What is the ten thousands digit of 75702995?
0
What is the hundreds digit of 60906587?
5
What is the hundred thousands digit of 537394951?
3
What is the millions digit of 380568904?
0
What is the thousands digit of 129192848?
2
What is the hundred millions digit of 9530560453?
5
What is the hundreds digit of 583169721?
7
What is the tens digit of 387425940?
4
What is the hundreds digit of 4007170245?
2
What is the units digit of 665098902?
2
What is the thousands digit of 133060265?
0
What is the units digit of 5875906548?
8
What is the thousands digit of 90933947?
3
What is the ten thousands digit of 714806864?
0
What is the hundred millions digit of 259826782?
2
What is the millions digit of 380370054?
0
What is the millions digit of 184051895?
4
What is the ten thousands digit of 1534830830?
3
What is the units digit of 100198924?
4
What is the units digit of 412308116?
6
What is the hundred millions digit of 787267753?
7
What is the millions digit of 190265361?
0
What is the hundred millions digit of 382292059?
3
What is the thousands digit of 1177904575?
4
What is the billions digit of 5351129968?
5
What is the units digit of 140435323?
3
What is the billions digit of 1872634600?
1
What is the millions digit of 746485547?
6
What is the hundreds digit of 148016885?
8
What is the ten thousands digit of 189366852?
6
What is the millions digit of 5665156?
5
What is the millions digit of 380857537?
0
What is the millions digit of 153846646?
3
What is the hundreds digit of 590187983?
9
What is the hundred millions digit of 166219515?
1
What is the ten thousands digit of 1603136785?
3
What is the hundred thousands digit of 108068560?
0
What is the ten thousands digit of 3482349467?
4
What is the hundreds digit of 656427148?
1
What is the ten millions digit of 2364192225?
6
What is the ten millions digit of 1025505469?
2
What is the millions digit of 538867622?
8
What is the hundred thousands digit of 3454907?
4
What is the thousands digit of 319199530?
9
What is the thousands digit of 1503510838?
0
What is the thousands digit of 881105502?
5
What is the billions digit of 1514714137?
1
What is the ten millions digit of 160629882?
6
What is the billions digit of 2621031294?
2
What is the ten millions digit of 696448676?
9
What is the millions digit of 81328912?
1
What is the ten thousands digit of 342994472?
9
What is the hundred millions digit of 2469952152?
4
What is the millions digit of 29182143?
9
What is the units digit of 212936454?
4
What is the millions digit of 930095566?
0
What is the tens digit of 4896354797?
9
What is the ten thousands digit of 46528114?
2
What is the millions digit of 519305395?
9
What is the thousands digit of 152682356?
2
What is the units digit of 83945063?
3
What is the millions digit of 1292277187?
2
What is the millions digit of 5128114439?
8
What is the tens digit of 223215514?
1
What is the ten millions digit of 68852364?
6
What is the thousands digit of 144617418?
7
What is the millions digit of 37047497?
7
What is the hundred thousands digit of 360127266?
1
What is the thousands digit of 165103772?
3
What is the hundred millions digit of 1764861566?
7
What is the thousands digit of 137465732?
5
What is the ten thousands digit of 59611995?
1
What is the ten millions digit of 191839315?
9
What is the hundreds digit of 1193757850?
8
What is the thousands digit of 44710204?
0
What is the tens digit of 2246697433?
3
What is the millions digit of 142648995?
2
What is the millions digit of 38040205?
8
What is the hundred thousands digit of 65667772?
6
What is the ten thousands digit of 1236944505?
4
What is the tens digit of 103559722?
2
What is the hundred thousands digit of 60282743?
2
What is the units digit of 425923611?
1
What is the thousands digit of 191445376?
5
What is the units digit of 54900328?
8
What is the ten millions digit of 157456238?
5
What is the hundred thousands digit of 11678182?
6
What is the ten thousands digit of 2424139532?
3
What is the millions digit of 49013001?
9
What is the hundred thousands digit of 276224906?
2
What is the tens digit of 969772292?
9
What is the ten thousands digit of 12155455?
5
What is the units digit of 437624528?
8
What is the billions digit of 1023337510?
1
What is the hundreds digit of 35093166?
1
What is the ten millions digit of 1621954349?
2
What is the millions digit of 481576382?
1
What is the ten millions digit of 75353205?
7
What is the thousands digit of 828142460?
2
What is the thousands digit of 68425493?
5
What is the tens digit of 42354203?
0
What is the hundred thousands digit of 8964765?
9
What is the thousands digit of 19421533?
1
What is the hundreds digit of 1505854283?
2
What is the hundred thousands digit of 541781217?
7
What is the hundreds digit of 194220743?
7
What is the thousands digit of 85966662?
6
What is the hundreds digit of 28043505?
5
What is the hundreds digit of 503658120?
1
What is the hundred millions digit of 2928809930?
9
What is the thousands digit of 33229019?
9
What is the units digit of 1216553513?
3
What is the units digit of 28476838?
8
What is the hundreds digit of 210494027?
0
What is the millions digit of 59378756?
9
What is the ten millions digit of 449434493?
4
What is the units digit of 1533456541?
1
What is the units digit of 688067544?
4
What is the tens digit of 985971190?
9
What is the millions digit of 1176628677?
6
What is the thousands digit of 59672768?
2
What is the thousands digit of 43311204?
1
What is the hundred millions digit of 390271559?
3
What is the hundreds digit of 3171022188?
1
What is the units digit of 137656866?
6
What is the ten millions digit of 55667827?
5
What is the tens digit of 98800268?
6
What is the ten thousands digit of 241683469?
8
What is the ten thousands digit of 121550454?
5
What is the hundred thousands digit of 401119284?
1
What is the hundreds digit of 1664390331?
3
What is the thousands digit of 7147405141?
5
What is the hundreds digit of 82957747?
7
What is the hundred thousands digit of 823836734?
8
What is the ten thousands digit of 2905388532?
8
What is the ten thousands digit of 52651293?
5
What is the tens digit of 3998355458?
5
What is the units digit of 749590597?
7
What is the units digit of 13929296?
6
What is the hundred millions digit of 324180662?
3
What is the hundreds digit of 63803229?
2
What is the ten thousands digit of 54745845?
4
What is the ten millions digit of 482104475?
8
What is the units digit of 121459450?
0
What is the ten millions digit of 22167256?
2
What is the millions digit of 257706346?
7
What is the thousands digit of 24077933?
7
What is the hundreds digit of 4173080438?
4
What is the tens digit of 2150915972?
7
What is the hundred thousands digit of 4946375162?
3
What is the millions digit of 788302326?
8
What is the millions digit of 12481831?
2
What is the hundred thousands digit of 9577975?
5
What is the billions digit of 1042857523?
1
What is the tens digit of 1240415834?
3
What is the billions digit of 1659016087?
1
What is the ten millions digit of 187532980?
8
What is the units digit of 85391395?
5
What is the millions digit of 3029877754?
9
What is the millions digit of 404070758?
4
What is the hundred millions digit of 136577160?
1
What is the thousands digit of 182569660?
9
What is the millions digit of 284689953?
4
What is the hundreds